*g(b). What is a(-3)?
-16
Let h(z) = 2*z - 3. Let c be (-1)/((14/9)/14). What is h(c)?
-21
Let m(v) = -3*v**3 - 3*v**2 - 3*v - 3. Suppose -47 = -2*d + f, 0 = d - 4*f - 4 - 2. Suppose 7*b = 12 - d. What is m(b)?
15
Let u(o) be the first derivative of 2*o**3/3 + 11*o**2/2 - 20*o + 37. Let f(a) = -a**2 - 11*a + 18. Let h(d) = -3*f(d) - 2*u(d). What is h(10)?
-4
Let o(s) be the first derivative of -s**5/20 + 5*s**4/12 - s**3/3 - s**2 - 32*s - 68. Let p(c) be the first derivative of o(c). Determine p(4).
6
Let d(i) = 16*i - 13. Let t be d(0). Suppose -2*w - 22 = -2*x - 0, -x = -2. Let z = t - w. Let r(f) = -f**2 - 3*f + 4. What is r(z)?
0
Let r(y) = -3*y**3 - 7*y**2 + 8*y - 24. Let m(d) = 7*d**3 + 13*d**2 - 18*d + 49. Let i(v) = -2*m(v) - 5*r(v). Give i(-9).
58
Suppose -156 = 2*i + 11*i. Let g(y) = 2*y + 26. Let m be g(i). Let u(l) = 2*l**3 - 992*l**m - 2*l + 1 - 3*l**3 + 997*l**2. Calculate u(2).
9
Let g(q) = 4*q**3 - 3*q**2 - 4*q + 1. Let p(c) = 11*c**3 - 9*c**2 - 12*c + 4. Let l(w) = -8*g(w) + 3*p(w). Suppose -13*x + 21 = -6*x. Determine l(x).
-8
Suppose -3*r + o + 73 = 2*r, -5*r + 79 = 2*o. Suppose -5*i - r = -20. Let q(s) = -4 + 3 - i - s + 0. Give q(6).
-8
Let f = 368 + -366. Let d(b) = b**2 - 4*b - 1. Let v(n) = 3*n**2 - 15*n - 30. Let k(p) = f*d(p) - v(p). Determine k(10).
-2
Let v(k) = 26*k**2 + 2*k - 30. Let w(j) = -207 + 102 + 5*j**2 + 99. Let c(s) = 3*v(s) - 16*w(s). Give c(6).
-30
Let g(u) = -2*u**3 - 99*u**2 - 322*u + 2. Let k be g(-46). Let c(q) = -q**3. Let f(h) = 3*h**3 - 3*h**2 + h - 1. Let s(o) = -2*c(o) - f(o). What is s(k)?
3
Let u(h) = 31*h**3 - 40*h**2 - 6*h - 183. Let a(g) = 11*g**3 - 13*g**2 - g - 62. Let c(n) = -17*a(n) + 6*u(n). Determine c(-18).
-26
Let x be 3 + -11 + 2 - 0. Suppose 6*g + 8 = 8*g. Let d(r) = -g + 4 + 1 + 0 - r. What is d(x)?
7
Let z(f) = -6*f**2 + 5*f**2 - f - 3*f**2 - 22 + 20. Let p be (-15 - -17)*1/(-2). Give z(p).
-5
Let b(z) be the first derivative of -1/2*z**2 + 14*z - 93. What is b(5)?
9
Let f = -2 - -2. Let n be 1/6*-4*(-1 - 2). Let c(m) = m**n - 87*m + 26*m + 32*m + 30*m - 4. Calculate c(f).
-4
Suppose -2*h - 8 = 2*h. Let z be -2*(2/2 - h). Let c(w) = 408*w - 13 - 208*w - 201*w. Calculate c(z).
-7
Suppose 23*w + 56*w = -33*w + 1120. Let h(z) = -z**2 + 22*z - 20. Calculate h(w).
100
Let h(z) be the second derivative of -z**4/12 + 7*z**3/6 - 2*z**2 + 841*z. Let c(q) = 2*q - 6. Let v be c(6). Calculate h(v).
2
Suppose -3*n = -5*r + 21, 11*n - 5*r + 19 = 9*n. Let v(h) = 15*h + 25. Let i be v(n). Let w(d) = d**3 + 5*d**2 + 3*d + 7. Give w(i).
-8
Suppose -i = 3 - 0. Let j(r) = -54*r**3 + 26*r**2 - 330*r - 11. Let c(b) = -14*b**3 + 7*b**2 - 86*b - 3. Let k(l) = 23*c(l) - 6*j(l). What is k(i)?
-18
Let f be ((-1)/(-2))/(111/(-1110)). Let y(o) = o**3 + 8*o**2 + 4*o - 2. Give y(f).
53
Let x(m) = -4*m - 3. Suppose 2 = -r + 8. Let y be (r/10 - 4/(-10))*8. Suppose -a - 2 = -n, -3*n - y = 4*a - 0*n. Give x(a).
5
Let v be 3 + -1 + (5 - 12). Let f be ((-3)/4)/(12/(-48)). Let q(k) = -4*k**2 + 3*k - f*k**3 - 2*k**3 + 4*k**3 + 7. Give q(v).
17
Let d(f) = -2*f + 4*f + 8*f. Suppose -9*i - 4 = -7*i - 2*z, 4*i - 2*z = 0. Suppose -16*t + i = 34. What is d(t)?
-20
Let g(p) = -p + 3. Suppose -5*o = 534 + 216. Let t = o + 148. What is g(t)?
5
Let n = 7 + -13. Let d(o) = 6 + 61*o**3 - 33071*o**2 + 33065*o**2 + 2*o - 62*o**3. What is d(n)?
-6
Let x(s) = 5*s**2 + 219*s + 381. Let f be x(-42). Let g(t) be the first derivative of 0*t + 5/3*t**f - 44 - t**2 - 1/4*t**4. Give g(5).
-10
Let y be (390/14 - 5/(-30 - 5))/(-2). Let f(d) = 2*d**3 + 29*d**2 + 14*d + 5. Determine f(y).
5
Let s(l) = -2*l**2 - 109*l + 849. Let q be s(7). Let c(x) = -4*x - 36. Give c(q).
12
Let s(k) = -6*k**2 - 178*k - 121. Let p be s(-29). Let c(n) = -12*n - 80. Give c(p).
-20
Let s(v) be the third derivative of v**6/720 - v**5/6 - 5*v**4/24 + v**3/6 + 89*v**2. Let u(o) be the second derivative of s(o). Determine u(0).
-20
Let t(w) = -170*w**2 + 15*w - 2. Let s be t(2). Let r = s - -657. Let i(q) = -7 + 1 + 2 + 6*q - q**2. What is i(r)?
1
Let o(v) be the first derivative of -v**4/24 - 3*v**3/2 - 51*v**2/2 - 44. Let a(r) be the second derivative of o(r). What is a(-11)?
2
Let c(y) = 3*y + 1. Let p(a) = -3*a**3 + 18*a**2 + 24*a. Let l(b) = -2*b**3 + 17*b**2 + 24*b + 1. Let z(o) = 4*l(o) - 3*p(o). Let s be z(-12). Calculate c(s).
13
Suppose 0 = 4*o + 2*n - 12, -15 = -5*o - 4*n + 5*n. Suppose -p - 15 = -5*t, -5*p = -o*t - t - 9. Let m(i) = 2*i - 4. What is m(p)?
6
Suppose 25 = -3*c + n, 2*c + 25 = -7*n + 62. Let z(q) = q**3 + 5*q**2 - 2*q - 6. Give z(c).
-30
Let q(l) = -11*l + 4. Suppose 1284 - 1240 = 22*v. Determine q(v).
-18
Let u(y) = 112 + 30*y - 10 - 29*y - 9*y. Calculate u(20).
-58
Let h be 6/(-57) + (59/19 - -1). Suppose -3*b = -2*j - 13, -h*b = 5*j - 2*j + 11. Let y(f) = 4*f + 1. Determine y(b).
5
Let s(p) = -p**3 + 7*p**2 - 14*p + 20. Let w = -956 + 961. Determine s(w).
0
Let y(f) = f**2 + 16*f + 19. Let k = 512 + -1123. Let b = 597 + k. What is y(b)?
-9
Let f(i) be the first derivative of i**4/3 + i**3/3 + i**2/2 + 28*i - 12. Let g(d) be the first derivative of f(d). Suppose -4 = 3*y + 2. Give g(y).
13
Let i(s) be the third derivative of 23*s**5/60 - s**4/12 - 2*s**3/3 + s**2 - 2740. Give i(2).
84
Let b = -98 + 103. Suppose 15 = -0*i + b*i. Let q(o) = -6*o**2 - 2*o - 7*o + 2*o + o**i - 2 + o. What is q(7)?
5
Suppose -61*c = 5*d - 62*c - 20, -20 = 4*c. Let o(w) be the third derivative of w**6/120 - w**5/12 + w**4/6 + w**3/6 + 4*w**2. Give o(d).
-5
Let v(n) = -444*n - 1773. Let a be v(-4). Let j(o) = -o**2 - o - 1. Let m(u) = -u**3 + 7*u**2 + 8*u + 9. Let r(t) = 5*j(t) + m(t). What is r(a)?
4
Let q(n) be the second derivative of -1/6*n**3 + 7*n + 11/2*n**2 + 7. What is q(12)?
-1
Let k(d) be the second derivative of d**7/210 + d**6/360 - d**3/2 - 4*d**2 + 297*d. Let a(q) be the second derivative of k(q). What is a(-1)?
-3
Let d(o) = 7*o**3 - 18*o**2 - 18*o - 16. Let w(q) = -q**3 + 3*q + 3. Let m(i) = d(i) + 6*w(i). Determine m(18).
2
Let y = 2191 - 2198. Let c(z) = z**3 + 7*z**2 - 3*z - 5. Calculate c(y).
16
Let n(z) = 109*z**2 - 1764*z + 20. Let f(b) = 15*b**2 - 252*b + 3. Let d(s) = -15*f(s) + 2*n(s). Calculate d(36).
-5
Let a be 5 - -3*16/12. Let g(k) = 2*k + 8 - 10*k + a*k. Let h = 84 - 89. Calculate g(h).
3
Let h(p) = -7*p**2 + 4*p + 6. Let w(f) = -4120*f + 4120*f + f**2. Let z(x) = -h(x) - 6*w(x). Give z(-4).
26
Let a(p) = -9*p**2 + 54*p - 6. Let v be (-5)/(-75) + (10413/135)/13. Give a(v).
-6
Let y(v) = -v**2 + 3*v + 111. Suppose 5*t + 42 = -48*o + 49*o, -3*o = 4*t - 12. What is y(o)?
3
Let v(n) be the second derivative of -n**6/360 + 7*n**5/120 - n**4/24 + n**3/2 - n**2/2 - 17*n. Let t(w) be the second derivative of v(w). What is t(8)?
-9
Let r(y) = 2 + 1 + 1763*y - 1767*y. Give r(3).
-9
Let f = 52 - 49. Let i(j) = 0*j**3 - 2*j**3 + 19*j - 16*j + j**f + 2*j**2 + 4. What is i(3)?
4
Let j = 2 - 2. Let n(b) = -110*b + 443. Let o be n(4). Suppose -4*v + 27 = -4*s + o, j = s + v + 2. Let m(z) = 2*z + 2. What is m(s)?
-6
Let f(q) = 8*q**3 + q**2 - 1. Suppose 3*m + 0*o = 2*o + 6, -3*m = -5*o - 6. Suppose 0 = -n + m, -51 = -x - 0*x - 2*n. Let d = x + -46. Determine f(d).
8
Let v(y) be the first derivative of 0*y - 3 - 11/2*y**2. Suppose -2*o - 9*j - 8 = -12*j, -4*o - 2*j = 0. Give v(o).
11
Let m(d) = -d**3 - d**2 - 2*d + 2. Let b(t) = 8*t**2 + 4*t + 5. Let f(g) = b(g) - m(g). Give f(-9).
-51
Let p = 0 + -1. Let v(k) = 30*k - 7. Let j(y) be the second derivative of -31*y**3/6 + 9*y**2/2 + y + 9. Let h(l) = 4*j(l) + 5*v(l). Calculate h(p).
-25
Let b(o) = -o**2 - o + 87. Let m be b(9). Let j be m/2 - (-135)/(-54). Let p(l) = l**3 + 3*l**2 - 4*l - 5. Give p(j).
-5
Suppose 5966 = 20*v + 5846. Let k(m) = -m**3 + 7*m**2 - 6*m + 4. Give k(v).
4
Let d = 257 + -209. Let h(k) = -1 - 25*k - 28*k + d*k. Give h(-4).
19
Let a(p) = -5*p + 1. Let t(g) = g**2 - 14*g + 3. Let s be t(14). Suppose -3*y + 6 + 0 = -s*w, -y = -5. Let z be -3 - w*(-10)/15. Give a(z).
6
Let k(t) = -10*t. Let m(s) = -s**3 + 7*s**2 - 38*s + 6. Let n(p) = 4*k(p) - m(p). Determine n(6).
-54
Suppose -5*c + i + i = -47, 0 = 4*c + 5*i - 31. Let s(g) = 9*g**2 + 3*g - 2*g - 17247 + 4*g - g**3 + 17253 - 2*g. Give s(c).
33
Let c(w) be the third derivative of w**4/8 + 11*w**3/3 + 2*w**2 - 1785*w - 1. Cal